2992)?
54
Evaluate 11 - (26 + -46 + -38).
69
What is the value of -99 - -3 - -41 - -28 - -67?
40
What is the value of 15 + ((29 - -15) + -45 - (26 + 0))?
-12
What is 11 + -6 + 8 - 22 - -23?
14
What is the value of -45 + 73 + (-28 - -9) + 1?
10
(20 - -1) + (60 - 134 - -83)
30
Calculate (-3 + 13 - 19) + -7 + 6 + -26.
-36
What is the value of 166 + -111 + 10 + 6 + 0?
71
Evaluate 36 - (17 + 1) - (-47 + 27).
38
Calculate 88 - (85 + 10) - 28.
-35
Evaluate -32 + 30 + 3 + 13 + 1 + 10.
25
Calculate (-9 - (3 - (4 - -1))) + (-18 - -10) + -13.
-28
272 + (-271 - -121) - 86
36
(14 + -10 + -10 - -1) + 62
57
Evaluate -11 - (-13 + 27 + 0).
-25
Calculate 32 + 1 - (-38 + 17 - -21) - 9.
24
Calculate 80 - 85 - (0 - -32) - -22.
-15
Calculate 9 + -13 + 10 - (-2 + 7) - -23 - -3.
27
Evaluate 92 + -122 - (32 - (-14 + 14)).
-62
Calculate -21 + 32 - (8 - 47).
50
What is the value of 0 + -114 + 108 + 3 + -27?
-30
Calculate -13 - (21 - (-11 + -9 + 47)).
-7
Evaluate (5 + 26 - 17) + (-1 + -6 - (-13 - 2)).
22
(505 - 526) + (-8 - -4) + 8
-17
What is the value of (-3006 - -2998) + -15 + 0?
-23
Evaluate 29 - (0 + (25 - 7 - 14) + -7).
32
-148 + 157 - ((24 - -22) + (-3 - (0 - 1)))
-35
-98 + -47 + 118 + -28
-55
What is the value of -20 - (-10 - (19 + -11 + (-14 - -12)))?
-4
57 + -97 + 109 + -95
-26
What is the value of (-80 - -83 - 4) + 1 + (-30 - -1) - -10?
-19
Calculate (-109 - -83) + -13 + 8 + -2.
-33
(-118 - -57 - 12) + 11 + 0
-62
(-34 - -46) + -1 + -24 + 1 - -43
31
Evaluate 4 - (13 + 0 + -1 + (-127 - -113) - 29).
35
What is 127 + (150 - 130) + -118?
29
Evaluate (0 - 15) + (1 - 35 - -78) - (1 - -6).
22
What is the value of 11 - (17 + -46 - -22 - 15)?
33
14 + (-5 - (68 + -75))
16
250 - 252 - ((-3 - (-4 - -4)) + 10)
-9
Evaluate (-2 - -3) + 16 - (77 - (114 + -28)).
26
What is -6 - 1 - -13 - (-2 + 6 + (-120 - -226))?
-104
Evaluate -89 + 54 + 62 + 30.
57
Calculate (0 - (25 - 68)) + -51.
-8
-9 - -2 - ((-8 - 19) + 14 + -13 + 1)
18
What is 25 + 1 - (3677 - 3646)?
-5
Evaluate 0 + 22 + 22 + (-182 - 1).
-139
Evaluate 3027 + -2886 - (192 + -1).
-50
10 + 21 + (-13 + 33 - 18)
33
What is the value of -1 + 45 + 1 + -5 + (3 - (-13 - -20))?
36
Calculate 15 + 4 + -7 + 4 + (21 - (40 - 8)).
5
What is the value of (1 - (-2 + 2)) + (33 - (21 - 7)) + -27?
-7
Calculate -51 + (33 - -12) - 49.
-55
Evaluate -9 - -1 - (28 - 43).
7
What is the value of -22 - ((-1 - 41 - -55) + -147)?
112
What is the value of (0 + 13 - 140) + 23 + -38 + 9?
-133
What is the value of (0 - -2) + (4 + 6 - (-16 - 4) - 10)?
22
What is the value of (19 - 1) + (-6 + (2 - -15) - (-5 + 6))?
28
Evaluate -73 - (88 - 74) - -134.
47
Evaluate 5 - ((6 - (-9 - (-24 - -11))) + 11).
-8
-11 + -15 + 24 + -143 + 162
17
What is the value of 2 + -25 + -805 + 804?
-24
What is the value of 92 + -96 + 9 + -12 - -65?
58
Evaluate 1 - 20 - (-82 + -40 + 70).
33
What is -2 + (-12 - 0) + (239 - (87 - -9))?
129
What is -10 - (-2 + (1 - (-2 + -2)) + -59)?
46
What is the value of 11 - (-5 + (-3 - (-7 - 5)) + (-26 - -11))?
22
Calculate 49 - ((-15 - 2) + (-347 - -322)).
91
What is 90 - (94 - -12 - 51)?
35
What is the value of (-19 - (-20 + 1 - -7)) + -14 + (1 - -6)?
-14
Evaluate 18 + -11 + (11 - (-19 + 36)) - (19 - 0).
-18
What is 28 - (-53 - 132 - -90)?
123
Calculate -16 - (((-44 - -89) + -48 - (0 + -21)) + -10).
-24
Evaluate (24 - -46) + -27 - (4 + 1).
38
1 + -48 - ((-10 - (16 + 1)) + 29)
-49
-30 + (-11 + -54 - -71)
-24
Evaluate -50 + (3 - 0 - 1 - (52 - (59 - -1))).
-40
23 + -16 - -42 - (0 + 24)
25
What is the value of 63 - (72 - -78) - -104?
17
Calculate (1 - (-5 - -2)) + (-69 + 31 - (-47 + 6)).
7
-7 + (-5 - -6 - 19) + -33
-58
What is the value of -2 - (-2 - (13 - -25))?
38
Calculate -2 + 4 + (25 - -77 - 68).
36
12 - (21 + 2 + (-79 - -65))
3
What is the value of (10 - 10) + 7 + (28 - 13)?
22
Calculate -7 - ((1 - 14) + (-9 - -15 - -3)).
-3
1 - 53 - (148 + -114 - 28)
-58
What is the value of (-21 - (7 + -15)) + 120 + -124?
-17
Calculate 27 + (30 - 50) + -9.
-2
Calculate 7 + 16 - (34 - (-26 - -32)).
-5
-22 + 0 + (-15982 - -15960)
-44
(132 - 99) + -1 + (-5 - -9) + 0
36
Calculate 24 + -63 + 192 + -95.
58
What is 7 - (9 + -15) - (-20 - -75)?
-42
6 + (-4 - 0) + 9 + (-373 - -285)
-77
What is the value of (72 - 117) + -10 + -24 - (-1 - -13)?
-91
Evaluate 32 + -38 + (14 + 2 - 7) - (-6 - 45).
54
(-117 - (-70 - -26)) + 105
32
What is 17 + -2 - ((4 - -21) + -17) - (40 + 0)?
-33
Evaluate 108 - (92 + 58) - (12 - 3).
-51
Evaluate (76 - 2) + 9 + (-2 - (6 + 10)) + 7.
72
What is the value of (2 - -11 - -9) + -24 + -8?
-10
What is the value of (16 - 36) + (-11 - 2 - (-62 + 49))?
-20
What is 20 + 1 - (-2 - -15 - (-11 - (-42 + 28)))?
11
What is the value of (-56 + 0 - 7) + (53 - 61)?
-71
Calculate 21 + 75 + -128 - 42.
-74
What is (-3 - -13) + (-75 - -1) + (-16 - -22)?
-58
Calculate 24 + 6 + -27 + (-6 + 1 + 2 - -72).
72
Calculate 5 + (-19 - -4) + -6 - (-378 + 230).
132
Calculate -38 + (-106 + 75 - -41).
-28
Calculate 21 + (-60 - -54) - (2 - -12).
1
What is the value of 2 + -20 + 74 + 127 + -35 + -35?
113
Evaluate -30 - (34 + -70 + -19).
25
10 - (-17 - (-1 + (-1 - (0 + 7 - 4))))
22
What is the value of 74 + -10 + (24 - 24) + (3 - 10)?
57
Evaluate 8 + -31 + (-14 - -19) + (-10 - 64).
-92
(19 - 2) + -17 + 9 + 17
26
Evaluate (-6 - (-3 + 14) - -17) + (3 - 13).
-10
What is (3 - 19 - 106) + 82 + -63?
-103
Calculate 67 + (1 - 4) + 1 - (-40 + 101 + -52).
56
(-5 - -5) + -11 + 6 + -4 + 15 + 62
68
-3 + 7 + 26 - (-10 + -7 - -25)
22
What is the value of -13 + -18 + (0 - -1 - (-150 + 136))?
-16
-24 + 50 + -19 + 6 + -11 + -107
-105
What is the value of (1 - ((42 - (9 - -2)) + -15)) + (-63 - -2)?
-76
0 + -2 + 0 + 5 - (-74 + 62 - -40)
-25
What is the value of -86 + (-6 - (-55 - 107))?
70
Calculate -56 - (-4 - -3 - 2) - (-158 + 165).
-60
What is (-980 - -1070) + -45 + 2 + -165?
-118
Evaluate -113 - (105 + (-368 - -146)).
4
What is the value of 152 + -44 + (-24 - (35 - 67))?
116
What is -15 + (90 + -37 - -47)?
85
Calculate -18 + -48 + -28 + 107.
13
What is the value of 10 + (-14 - (-39 + 0 - 10))?
45
1 + -19 - (-557 - -548) - 9
-18
What is the value of -40 - (-1 + (21 - 8) + -25) - -10?
-17
(3 - -2 - (7 - (5 + -10))) + -19 + -14
-40
-58 + 1 - (1437 - 1458)
-36
What is 2 + (3 + -97 - (-10 + -17))?
-65
What is the value of 124 - (378 + -75) - -75?
-104
What is 98 + (-62 - (-29 - 3) - -12)?
80
-22 + (48 + (-4 - 86) - -212)
148
(2 + -2 - -2) + -295 + (15 - -290)
12
Calculate -66 + 1 + (39 - (65 - 104 - -81)).
-68
5 + (19 + -63 + 66 + 0 + -1 - 2)
24
Calculate 3 + 2 + 1 + (77 - 176) + 79.
-14
What is the value of (8 + -10 - 3) + 18 + (-6 - -2) - -72?
81
What is 28 + (-2 - (3 - 19 - -18))?
24
What is the value of -4 + -60 + (-6 - (5 - ((-4 - -11) + 0)))?
-68
-8 - 110 - (321 - 443)
4
What is the value of -62 - (-28 + 73 - 100)?
-7
Evaluate 128 + -86 - 49 - (39 - 4).
-42
Evaluate -1 + 48 - (3 - (149 - 149)).
44
Calculate (2 - (-2 + 4 - 16)) + 375 + -434.
-43
Evaluate ((-4 - -25) + -37 - -9) + -10 - 70.
-87
What is (56 - 24 - (-17 - -8 - -29)) + 3 + -69?
-54
What is 95 + -5 - (15 - 3 - (-144 + 179))?
113
What is 56 - (96 + (21 - 79))?
18
13 - (-16 - (-5 + 21 + -16))
29
What is the value of -2 - 7 - (28 + 35 + -67) - -37?
32
Calculate -38 + 17 + (23 - 45).
-43
Evaluate (-14 - -4) + (25 - (0 + 2 - -6)) - -38.
45
What is -757 - -836 - (48 + 0)?
31
Evaluate -21 - (6 + 7) - -50 - (1 + -17).
32
What is the value of 56 + 28 + -99 + -15?
-30
Calculate -28 + 113 + -90 - (-29 + 6).
18
Calculate (0 + -1 - (-5 - 2)) + (508 - 508).
6
5 + -20 + (6 - 2) - (12 - 27 - -6)
-2
What is the value of 52 - (-87 + 77 - -19)?
43
Calculate 0 + -1 + 12 + 40 + -9 + -112 + -3.
-73
Calculate 63 + (-62 + -5 - -18).
14
What is the value of 85 + -191 - -29 - -14?
-63
What is the value of 45 + -126 + 91 - (1 + 34)?
-25
What is -29 + -4 + -37 + (44 - 20)?
-46
What is the value of 74 - 8 - -88 - 73?
81
Evaluate 0 - -7 - (8 + -2 - (291 + -261)).
31
Calculate -95 - (29 - (9 - -42)) - -34.
-39
What is 61 + (-126 - -120) - (1 + -9)?
63
What is the value of 14 + (24 - (22 + -53)) + -24 + 7?
52
Evaluate -6 - -6 - (-12 + (8 - -18)) - -24.
10
What is (103 - 76) + 16 - (1 - -18)?
24
-21 + 5 + 13 + 0 + (65 - 3)
59
What is the value of -17 + (-178 + 185 - (8 + 2))?
-20
What is the value of 26 + -1 + (-19 - (21 + (-16 - (5 + 4))))?
10
Evaluate (0 - (-101